{"id":49163,"date":"2023-04-21T14:52:55","date_gmt":"2023-04-21T12:52:55","guid":{"rendered":"https:\/\/multisite.mindd.dev\/?page_id=49163"},"modified":"2023-04-21T14:52:57","modified_gmt":"2023-04-21T12:52:57","slug":"over-ons","status":"publish","type":"page","link":"https:\/\/multisite.mindd.dev\/autotranslate-batch-test\/over-ons\/","title":{"rendered":"Over ons"},"content":{"rendered":"\n\n\n<p>Huisartsenposten Amsterdam is verantwoordelijk voor de spoedhuisartsenzorg in de avond, nacht en in het weekend. Dit doen we vanuit vijf huisartsenposten en een centrale triagepost. Bij Huisartsenposten Amsterdam werken 200 medewerkers en zijn 500 huisartsen aangesloten.<\/p>\n\n\n\n<h4 class=\"wp-block-heading\" id=\"bestuurder\"><strong>Bestuurder<\/strong><\/h4>\n\n\n\n<p>Mw. Corine van Geffen is bestuurder bij Huisartsenposten Amsterdam. <\/p>\n\n\n\n<h4 class=\"wp-block-heading\" id=\"raad-van-toezicht\"><strong>Raad van Toezicht<\/strong><\/h4>\n\n\n\n<p>De Raad van toezicht houdt toezicht op het beleid en de besturing van Huisartsenposten Amsterdam en is de werkgever van de bestuurder. De raad vergadert vergadert ca. 6 keer per jaar.<\/p>\n\n\n\n<p>De Raad van Toezicht bestaat uit <\/p>\n\n\n\n<figure class=\"wp-block-table\"><table><tbody><tr><td>De heer E.P.J. Heijdelberg<\/td><td>Voorzitter<\/td><\/tr><tr><td>De heer J.F. Steffan<\/td><td><\/td><\/tr><tr><td>Mevrouw H. Sahin<\/td><td><\/td><\/tr><tr><td>De heer B. Smit<\/td><td><\/td><\/tr><tr><td>Mevrouw F.P. Hohmann<\/td><td>&nbsp;<\/td><\/tr><\/tbody><\/table><\/figure>\n\n\n\n<p><strong>Cli\u00ebntenraad<\/strong><\/p>\n\n\n\n<p><em>Huisartsenposten Amsterdam<\/em> (HpA) en <em>Regionale Organisatie Huisartsen Amsterdam <\/em>(ROHA)&nbsp; hebben een gezamenlijke cli\u00ebntenraad. Beide zorgorganisaties stellen de wens en behoefte van pati\u00ebnten centraal. Pati\u00ebntveiligheid, goede kwaliteit van zorg en het pati\u00ebntperspectief staan daarbij hoog in het vaandel.<br>De cli\u00ebntenraad (CR) is een onafhankelijk orgaan dat zich richt op het algemeen belang van pati\u00ebnten (en bezoekers)&nbsp;van de HpA en de bij de ROHA aangesloten huisartsen. De CR is volgens de Wet medezeggenschap cli\u00ebnten zorginstellingen (Wmcz 2018) bevoegd om gevraagd en ongevraagd advies te geven op (voorgenomen) beleid van de organisaties. De CR streeft naar medezeggenschap die de directe zorg aan de pati\u00ebnt betreft en de kwaliteit daarvan verbetert. Dit doet hij door zich te laten informeren maar ook door zelf actief informatie op te halen bij beide organisaties.&nbsp;<\/p>\n\n\n\n<p>De cli\u00ebntenraad bestaat uit<\/p>\n\n\n\n<figure class=\"wp-block-table\"><table><tbody><tr><td>Rob Jonqui\u0450re<\/td><td>Voorzitter<\/td><\/tr><tr><td>Sylvia de Roos<\/td><td><\/td><\/tr><tr><td>Elly Rahder<\/td><td><\/td><\/tr><tr><td>Kati Varkevisser<\/td><td><\/td><\/tr><tr><td>Annette Andr\u00e9 de la Porte-Schuilenburg<\/td><td>&nbsp;Ambtelijk secretaris<\/td><\/tr><\/tbody><\/table><\/figure>\n\n\n\n<h4 class=\"wp-block-heading\" id=\"ondernemingsraad\"><strong>Ondernemingsraad<\/strong><\/h4>\n\n\n\n<p>De ondernemingsraad vertegenwoordigt en waarborgt de belangen van de medewerkers van Huisartsenposten Amsterdam. De Ondernemingsraad heeft advies- en instemmingsrecht op thema\u2019s die zijn vastgelegd in de Wet op de Ondernemingsraden. <\/p>\n\n\n\n<p><strong>Jaarverslagen <\/strong><\/p>\n\n\n\n<p><a href=\"https:\/\/www.huisartsenpostenamsterdam.nl\/wp-content\/uploads\/sites\/29\/2019\/04\/Jaarverslag_2017_1611.pdf\">Jaarverslag 2017<\/a><br><a href=\"https:\/\/www.huisartsenpostenamsterdam.nl\/wp-content\/uploads\/sites\/29\/Jaarverslag-2018-V1-1.pdf\">Jaarverslag 2018<\/a><br><a href=\"https:\/\/www.huisartsenpostenamsterdam.nl\/jaarverslag_2019_v1\/\">Jaarverslag 2019<\/a><br><a href=\"https:\/\/www.huisartsenpostenamsterdam.nl\/wp-content\/uploads\/sites\/29\/Jaarverslag-V7.pdf\">Jaarverslag 2020<\/a><br><a href=\"https:\/\/www.huisartsenpostenamsterdam.nl\/wp-content\/uploads\/sites\/29\/2022\/09\/2HUI0698-infographic-jaarverslag-A3-DEF-1.pdf\">Jaarverslag 2021<\/a><\/p>\n\n\n\n<p><\/p>\n\n\n\n<p><a href=\"https:\/\/www.huisartsenpostenamsterdam.nl\/wp-content\/uploads\/sites\/29\/2022\/09\/220907-Privacy-Statement-HpA.pdf\">Privacy Statement Huisartsenposten Amsterdam<\/a><\/p>\n","protected":false},"excerpt":{"rendered":"<p>Huisartsenposten Amsterdam is verantwoordelijk voor de spoedhuisartsenzorg in de avond, nacht en in het weekend. Dit doen we vanuit vijf huisartsenposten en een centrale triagepost. Bij Huisartsenposten Amsterdam werken 200 medewerkers en zijn 500 huisartsen aangesloten. Bestuurder Mw. Corine van Geffen is bestuurder bij Huisartsenposten Amsterdam. Raad van Toezicht De Raad van toezicht houdt toezicht [&hellip;]<\/p>\n","protected":false},"author":3,"featured_media":0,"parent":0,"menu_order":0,"comment_status":"closed","ping_status":"closed","template":"","meta":{"_acf_changed":false,"_trash_the_other_posts":false,"editor_notices":[],"footnotes":""},"class_list":["post-49163","page","type-page","status-publish","hentry"],"acf":[],"yoast_head":"<!-- This site is optimized with the Yoast SEO plugin v26.6 - https:\/\/yoast.com\/wordpress\/plugins\/seo\/ -->\n<title>Over ons - This is just a test<\/title>\n<meta name=\"robots\" content=\"noindex, follow, max-snippet:-1, max-image-preview:large, max-video-preview:-1\" \/>\n<meta property=\"og:locale\" content=\"de_DE\" \/>\n<meta property=\"og:type\" content=\"article\" \/>\n<meta property=\"og:title\" content=\"Over ons - This is just a test\" \/>\n<meta property=\"og:description\" content=\"Huisartsenposten Amsterdam is verantwoordelijk voor de spoedhuisartsenzorg in de avond, nacht en in het weekend. Dit doen we vanuit vijf huisartsenposten en een centrale triagepost. Bij Huisartsenposten Amsterdam werken 200 medewerkers en zijn 500 huisartsen aangesloten. Bestuurder Mw. Corine van Geffen is bestuurder bij Huisartsenposten Amsterdam. Raad van Toezicht De Raad van toezicht houdt toezicht [&hellip;]\" \/>\n<meta property=\"og:url\" content=\"https:\/\/multisite.mindd.dev\/autotranslate-batch-test\/over-ons\/\" \/>\n<meta property=\"og:site_name\" content=\"This is just a test\" \/>\n<meta property=\"article:modified_time\" content=\"2023-04-21T12:52:57+00:00\" \/>\n<meta name=\"twitter:card\" content=\"summary_large_image\" \/>\n<meta name=\"twitter:label1\" content=\"Gesch\u00e4tzte Lesezeit\" \/>\n\t<meta name=\"twitter:data1\" content=\"2\u00a0Minuten\" \/>\n<script type=\"application\/ld+json\" class=\"yoast-schema-graph\">{\"@context\":\"https:\/\/schema.org\",\"@graph\":[{\"@type\":\"WebPage\",\"@id\":\"https:\/\/multisite.mindd.dev\/autotranslate-batch-test\/over-ons\/\",\"url\":\"https:\/\/multisite.mindd.dev\/autotranslate-batch-test\/over-ons\/\",\"name\":\"Over ons - This is just a test\",\"isPartOf\":{\"@id\":\"https:\/\/multisite.mindd.dev\/autotranslate-batch-test\/#website\"},\"datePublished\":\"2023-04-21T12:52:55+00:00\",\"dateModified\":\"2023-04-21T12:52:57+00:00\",\"breadcrumb\":{\"@id\":\"https:\/\/multisite.mindd.dev\/autotranslate-batch-test\/over-ons\/#breadcrumb\"},\"inLanguage\":\"de\",\"potentialAction\":[{\"@type\":\"ReadAction\",\"target\":[\"https:\/\/multisite.mindd.dev\/autotranslate-batch-test\/over-ons\/\"]}]},{\"@type\":\"BreadcrumbList\",\"@id\":\"https:\/\/multisite.mindd.dev\/autotranslate-batch-test\/over-ons\/#breadcrumb\",\"itemListElement\":[{\"@type\":\"ListItem\",\"position\":1,\"name\":\"Home\",\"item\":\"https:\/\/multisite.mindd.dev\/autotranslate-batch-test\/\"},{\"@type\":\"ListItem\",\"position\":2,\"name\":\"Over ons\"}]},{\"@type\":\"WebSite\",\"@id\":\"https:\/\/multisite.mindd.dev\/autotranslate-batch-test\/#website\",\"url\":\"https:\/\/multisite.mindd.dev\/autotranslate-batch-test\/\",\"name\":\"This is just a test\",\"description\":\"Development site\",\"potentialAction\":[{\"@type\":\"SearchAction\",\"target\":{\"@type\":\"EntryPoint\",\"urlTemplate\":\"https:\/\/multisite.mindd.dev\/autotranslate-batch-test\/?s={search_term_string}\"},\"query-input\":{\"@type\":\"PropertyValueSpecification\",\"valueRequired\":true,\"valueName\":\"search_term_string\"}}],\"inLanguage\":\"de\"}]}<\/script>\n<!-- \/ Yoast SEO plugin. -->","yoast_head_json":{"title":"Over ons - This is just a test","robots":{"index":"noindex","follow":"follow","max-snippet":"max-snippet:-1","max-image-preview":"max-image-preview:large","max-video-preview":"max-video-preview:-1"},"og_locale":"de_DE","og_type":"article","og_title":"Over ons - This is just a test","og_description":"Huisartsenposten Amsterdam is verantwoordelijk voor de spoedhuisartsenzorg in de avond, nacht en in het weekend. Dit doen we vanuit vijf huisartsenposten en een centrale triagepost. Bij Huisartsenposten Amsterdam werken 200 medewerkers en zijn 500 huisartsen aangesloten. Bestuurder Mw. Corine van Geffen is bestuurder bij Huisartsenposten Amsterdam. Raad van Toezicht De Raad van toezicht houdt toezicht [&hellip;]","og_url":"https:\/\/multisite.mindd.dev\/autotranslate-batch-test\/over-ons\/","og_site_name":"This is just a test","article_modified_time":"2023-04-21T12:52:57+00:00","twitter_card":"summary_large_image","twitter_misc":{"Gesch\u00e4tzte Lesezeit":"2\u00a0Minuten"},"schema":{"@context":"https:\/\/schema.org","@graph":[{"@type":"WebPage","@id":"https:\/\/multisite.mindd.dev\/autotranslate-batch-test\/over-ons\/","url":"https:\/\/multisite.mindd.dev\/autotranslate-batch-test\/over-ons\/","name":"Over ons - This is just a test","isPartOf":{"@id":"https:\/\/multisite.mindd.dev\/autotranslate-batch-test\/#website"},"datePublished":"2023-04-21T12:52:55+00:00","dateModified":"2023-04-21T12:52:57+00:00","breadcrumb":{"@id":"https:\/\/multisite.mindd.dev\/autotranslate-batch-test\/over-ons\/#breadcrumb"},"inLanguage":"de","potentialAction":[{"@type":"ReadAction","target":["https:\/\/multisite.mindd.dev\/autotranslate-batch-test\/over-ons\/"]}]},{"@type":"BreadcrumbList","@id":"https:\/\/multisite.mindd.dev\/autotranslate-batch-test\/over-ons\/#breadcrumb","itemListElement":[{"@type":"ListItem","position":1,"name":"Home","item":"https:\/\/multisite.mindd.dev\/autotranslate-batch-test\/"},{"@type":"ListItem","position":2,"name":"Over ons"}]},{"@type":"WebSite","@id":"https:\/\/multisite.mindd.dev\/autotranslate-batch-test\/#website","url":"https:\/\/multisite.mindd.dev\/autotranslate-batch-test\/","name":"This is just a test","description":"Development site","potentialAction":[{"@type":"SearchAction","target":{"@type":"EntryPoint","urlTemplate":"https:\/\/multisite.mindd.dev\/autotranslate-batch-test\/?s={search_term_string}"},"query-input":{"@type":"PropertyValueSpecification","valueRequired":true,"valueName":"search_term_string"}}],"inLanguage":"de"}]}},"_links":{"self":[{"href":"https:\/\/multisite.mindd.dev\/autotranslate-batch-test\/wp-json\/wp\/v2\/pages\/49163","targetHints":{"allow":["GET"]}}],"collection":[{"href":"https:\/\/multisite.mindd.dev\/autotranslate-batch-test\/wp-json\/wp\/v2\/pages"}],"about":[{"href":"https:\/\/multisite.mindd.dev\/autotranslate-batch-test\/wp-json\/wp\/v2\/types\/page"}],"author":[{"embeddable":true,"href":"https:\/\/multisite.mindd.dev\/autotranslate-batch-test\/wp-json\/wp\/v2\/users\/3"}],"replies":[{"embeddable":true,"href":"https:\/\/multisite.mindd.dev\/autotranslate-batch-test\/wp-json\/wp\/v2\/comments?post=49163"}],"version-history":[{"count":0,"href":"https:\/\/multisite.mindd.dev\/autotranslate-batch-test\/wp-json\/wp\/v2\/pages\/49163\/revisions"}],"wp:attachment":[{"href":"https:\/\/multisite.mindd.dev\/autotranslate-batch-test\/wp-json\/wp\/v2\/media?parent=49163"}],"curies":[{"name":"wp","href":"https:\/\/api.w.org\/{rel}","templated":true}]}}